mainder when 6906 is divided by 226?
126
What is the remainder when 10850 is divided by 1808?
2
Calculate the remainder when 2170 is divided by 41.
38
What is the remainder when 25638 is divided by 149?
10
What is the remainder when 270384 is divided by 156?
36
Calculate the remainder when 7247 is divided by 981.
380
What is the remainder when 179424 is divided by 13?
11
Calculate the remainder when 13935 is divided by 13914.
21
What is the remainder when 1803 is divided by 312?
243
What is the remainder when 190650 is divided by 36?
30
What is the remainder when 8078802 is divided by 27?
24
What is the remainder when 1387 is divided by 272?
27
What is the remainder when 1333 is divided by 135?
118
Calculate the remainder when 188 is divided by 127.
61
What is the remainder when 20250 is divided by 36?
18
What is the remainder when 3507 is divided by 78?
75
What is the remainder when 6783 is divided by 2187?
222
Calculate the remainder when 723125 is divided by 296.
293
What is the remainder when 11813 is divided by 11794?
19
What is the remainder when 19790 is divided by 63?
8
Calculate the remainder when 83243 is divided by 107.
104
Calculate the remainder when 38717 is divided by 172.
17
What is the remainder when 1874130 is divided by 52?
50
Calculate the remainder when 228007 is divided by 114003.
1
Calculate the remainder when 2433564 is divided by 1808.
1804
What is the remainder when 34198 is divided by 76?
74
Calculate the remainder when 178888 is divided by 30.
28
Calculate the remainder when 6061 is divided by 405.
391
Calculate the remainder when 4146 is divided by 121.
32
Calculate the remainder when 17942 is divided by 486.
446
Calculate the remainder when 233693 is divided by 77881.
50
What is the remainder when 6064 is divided by 468?
448
Calculate the remainder when 9938 is divided by 1807.
903
What is the remainder when 176348 is divided by 44?
40
Calculate the remainder when 392 is divided by 57.
50
Calculate the remainder when 71965 is divided by 75.
40
What is the remainder when 316019 is divided by 3?
2
Calculate the remainder when 45002 is divided by 1962.
1838
Calculate the remainder when 5518 is divided by 1103.
3
Calculate the remainder when 2409722 is divided by 853.
850
Calculate the remainder when 1880 is divided by 415.
220
What is the remainder when 29616 is divided by 3678?
192
Calculate the remainder when 24751 is divided by 387.
370
Calculate the remainder when 38928 is divided by 188.
12
What is the remainder when 103171 is divided by 653?
650
Calculate the remainder when 1029631 is divided by 512.
511
What is the remainder when 135431 is divided by 209?
208
What is the remainder when 1208 is divided by 938?
270
Calculate the remainder when 5603 is divided by 215.
13
Calculate the remainder when 847599 is divided by 42.
39
Calculate the remainder when 368936 is divided by 86.
82
What is the remainder when 8157 is divided by 170?
167
What is the remainder when 382136 is divided by 965?
961
What is the remainder when 1314 is divided by 106?
42
What is the remainder when 9024 is divided by 17?
14
Calculate the remainder when 89 is divided by 1.
0
Calculate the remainder when 92973 is divided by 7.
6
Calculate the remainder when 4513 is divided by 176.
113
What is the remainder when 7584 is divided by 30?
24
Calculate the remainder when 2419 is divided by 3.
1
Calculate the remainder when 9006 is divided by 2610.
1176
Calculate the remainder when 93233 is divided by 168.
161
Calculate the remainder when 511 is divided by 309.
202
Calculate the remainder when 11118 is divided by 449.
342
What is the remainder when 27784 is divided by 144?
136
What is the remainder when 9874 is divided by 205?
34
What is the remainder when 3641 is divided by 367?
338
What is the remainder when 495986 is divided by 4679?
12
What is the remainder when 25008 is divided by 4164?
24
What is the remainder when 1678 is divided by 154?
138
What is the remainder when 982 is divided by 24?
22
What is the remainder when 44326 is divided by 16?
6
What is the remainder when 5506 is divided by 2750?
6
What is the remainder when 10017 is divided by 195?
72
Calculate the remainder when 14557 is divided by 2422.
25
Calculate the remainder when 5067718 is divided by 72.
70
Calculate the remainder when 32242 is divided by 4024.
50
What is the remainder when 861369 is divided by 2297?
2291
Calculate the remainder when 447039 is divided by 11.
10
Calculate the remainder when 68206 is divided by 619.
116
What is the remainder when 554469 is divided by 408?
405
Calculate the remainder when 12644 is divided by 6192.
260
Calculate the remainder when 24428 is divided by 24196.
232
Calculate the remainder when 162219 is divided by 1531.
1464
What is the remainder when 539558 is divided by 36?
26
What is the remainder when 8302 is divided by 55?
52
What is the remainder when 27944 is divided by 126?
98
What is the remainder when 37592 is divided by 7498?
102
What is the remainder when 27224 is divided by 680?
24
Calculate the remainder when 2818 is divided by 2767.
51
Calculate the remainder when 6682 is divided by 60.
22
Calculate the remainder when 95891 is divided by 44.
15
What is the remainder when 2240 is divided by 1061?
118
What is the remainder when 4895 is divided by 1628?
11
Calculate the remainder when 1351 is divided by 177.
112
What is the remainder when 358 is divided by 311?
47
What is the remainder when 72533 is divided by 59?
22
Calculate the remainder when 116704 is divided by 53.
51
What is the remainder when 58660 is divided by 2343?
85
Calculate the remainder when 1744 is divided by 83.
1
What is the remainder when 122639 is divided by 30656?
15
Calculate the remainder when 2606 is divided by 648.
14
Calculate the remainder when 61493 is divided by 20497.
2
Calculate the remainder when 1176 is divided by 506.
164
Calculate the remainder when 3004 is divided by 1174.
656
What is the remainder when 22624 is divided by 941?
40
Calculate the remainder when 14148 is divided by 3529.
32
What is the remainder when 23785 is divided by 155?
70
Calculate the remainder when 44264 is divided by 186.
182
What is the remainder when 682110 is divided by 682103?
7
Calculate the remainder when 3566 is divided by 51.
47
What is the remainder when 18388 is divided by 19?
15
Calculate the remainder when 1209073 is divided by 18.
13
Calculate the remainder when 48004 is divided by 6.
4
Calculate the remainder when 122329 is divided by 122329.
0
What is the remainder when 27576 is divided by 3?
0
Calculate the remainder when 7552 is divided by 1629.
1036
Calculate the remainder when 4952 is divided by 241.
132
Calculate the remainder when 70878 is divided by 33.
27
What is the remainder when 87100 is divided by 29033?
1
What is the remainder when 14329 is divided by 2046?
7
Calculate the remainder when 9288 is divided by 488.
16
What is the remainder when 1728 is divided by 859?
10
Calculate the remainder when 4791 is divided by 269.
218
Calculate the remainder when 131232 is divided by 291.
282
Calculate the remainder when 9352 is divided by 720.
712
Calculate the remainder when 10589 is divided by 321.
317
What is the remainder when 1773 is divided by 577?
42
Calculate the remainder when 5642 is divided by 3.
2
What is the remainder when 31075 is divided by 656?
243
What is the remainder when 529317 is divided by 12?
9
Calculate the remainder when 19448 is divided by 1507.
1364
What is the remainder when 634 is divided by 198?
40
What is the remainder when 309 is divided by 236?
73
Calculate the remainder when 10109 is divided by 422.
403
What is the remainder when 2208 is divided by 168?
24
What is the remainder when 6075 is divided by 2021?
12
What is the remainder when 736 is divided by 225?
61
What is the remainder when 16480 is divided by 287?
121
What is the remainder when 10531077 is divided by 30?
27
What is the remainder when 22021 is divided by 21960?
61
What is the remainder when 8963 is divided by 390?
383
Calculate the remainder when 11650 is divided by 896.
2
Calculate the remainder when 17338 is divided by 578.
576
Calculate the remainder when 2680 is divided by 812.
244
Calculate the remainder when 66923 is divided by 22223.
254
What is